{"id":2913,"date":"2021-06-30T11:56:26","date_gmt":"2021-06-30T10:56:26","guid":{"rendered":"https:\/\/www.schizophrenie-life.de\/public\/?page_id=2913"},"modified":"2024-04-09T08:39:30","modified_gmt":"2024-04-09T07:39:30","slug":"the-stigma-of-mental-illness-schizophrenia","status":"publish","type":"page","link":"https:\/\/www.schizophrenie-life.de\/public\/the-stigma-of-mental-illness-schizophrenia\/","title":{"rendered":"<strong>Das Stigma der psychischen Krankheit: Schizophrenie<\/strong>"},"content":{"rendered":"\n<div class=\"wp-block-rea-inpage-nav-rea-inpage-nav-block rea-inpage-nav-block front has-margin\"><div class=\"rea-inpage-nav-block__image\" style=\"background-image: url(https:\/\/www.schizophrenie-life.de\/public\/wp-content\/uploads\/2019\/03\/wooden.png)\"><img decoding=\"async\" class=\"inpage-nav-background\" alt=\"\" src=\"https:\/\/www.schizophrenie-life.de\/public\/wp-content\/uploads\/2019\/03\/wooden.png\"\/><\/div><div class=\"rea-inpage-nav-block__content\"><div class=\"rea-inpage-nav-block__content--wrapper\"><div class=\"text-wrapper\"><h2 class=\"inpage-nav-title\"><strong>Das Stigma der psychischen Krankheit: Schizophrenie<\/strong><\/h2><ul class=\"inpage-nav-list\"><\/ul><\/div><div class=\"section-nav\"><h4 class=\"section-nav--title\">In diesem Abschnitt<\/h4><div class=\"section-nav--nav-items js-inpage-nav-items\"><\/div><\/div><\/div><\/div><\/div>\n\n\n\n<div class=\"wp-block-rea-illustration-rea-illustration-block rea-illustration-block front\"><img class=\"illustration-bg\" alt=\"\"\/><div class=\"rea-illustration-block__content\"><div class=\"rea-illustration-block__image image-wrapper\"><a href=\"\" rel=\"noopener noreferrer\" target=\"_blank\" class=\"is-blocked\"><img decoding=\"async\" class=\"illustration left\" alt=\"\" src=\"https:\/\/www.schizophrenie-life.de\/public\/wp-content\/uploads\/2021\/06\/the-stigma-of-mental-illness.jpg\" style=\"max-width: 72%\"\/><img decoding=\"async\" class=\"rea-mobile illustration-mobile\" alt=\"\" src=\"https:\/\/www.schizophrenie-life.de\/public\/wp-content\/uploads\/2021\/06\/the-stigma-of-mental-illness.jpg\"\/><\/a><\/div><p class=\"rea-site__caption caption-text align-left\"><\/p><\/div><\/div>\n\n\n\n<div class=\"wp-block-rea-title-rea-title-block rea-title-block front\"><div class=\"rea-title-block__content\"><h3 id=\"strongwas-ist-ein-stigmastrong\" class=\"content-title \"><strong>Was ist ein Stigma?<\/strong><\/h3><h4 class=\"content-subtitle rea-hidden\"><\/h4><\/div><\/div>\n\n\n\n<div class=\"wp-block-rea-paragraph-rea-paragraph-block rea-paragraph-block front\"><div class=\"rea-paragraph-block__content\"><p class=\"content-text\">Ein Stigma kann definiert werden als \u201eKlischees oder negative Ansichten, die einer Person oder einer Gruppe von Menschen zugeschrieben werden, wenn ihre Eigenschaften oder ihr Verhalten als von der gesellschaftlichen Norm abweichend oder minderwertig angesehen werden\u201c.&nbsp;Psychische Erkrankungen, insbesondere Schizophrenie, sind in hohem Ma\u00dfe von Stigmatisierung betroffen. Menschen mit einer psychischen Erkrankung sehen sich mit einer doppelten Herausforderung konfrontiert:<br><br>1. Sie m\u00fcssen mit den Symptomen und Beeintr\u00e4chtigungen umgehen, die aufgrund ihrer Krankheit auftreten.<br>2. Sie sind mit Klischees und Vorurteilen konfrontiert, die auf falschen Vorstellungen \u00fcber psychische Erkrankungen beruhen.<br>Aufgrund dieser doppelten Herausforderung leidet h\u00e4ufig die Lebensqualit\u00e4t psychisch kranker Menschen (Selbstwertgef\u00fchl, gute Arbeitspl\u00e4tze, Wohnsicherheit, zufriedenstellende Gesundheitsversorgung und Zugeh\u00f6rigkeit zu einer vielf\u00e4ltigen Gruppe von Menschen).<br><br>Es gibt sowohl eine \u00f6ffentliche Stigmatisierung als auch eine Selbststigmatisierung: \u201eDie \u00f6ffentliche Stigmatisierung ist die Reaktion der Allgemeinbev\u00f6lkerung auf Menschen mit psychischen Erkrankungen.&nbsp;&nbsp;Selbststigmatisierung ist das Vorurteil, das Menschen mit psychischen Erkrankungen sich selbst gegen\u00fcber haben.\u201c&nbsp;In Filmen und Printmedien werden beispielsweise verschiedene falsche Vorstellungen \u00fcber psychische Erkrankungen verbreitet, die zu einer \u00f6ffentlichen Stigmatisierung f\u00fchren:<br><br>1. Menschen mit psychischen Erkrankungen sind furchterregend, und deshalb sollten sie aus den meisten Gemeinschaften ausgegrenzt werden.<br>2. Sie haben kindliche Sichtweisen, \u00fcber die man sich wundern kann.<br>3. Sie sind kindlich, also muss man sich um sie k\u00fcmmern.<br>4. Sie sind unverantwortlich, deshalb sollten andere die Lebensentscheidungen f\u00fcr sie treffen.<br>5. Ihr schwacher Charakter ist f\u00fcr ihre Krankheit verantwortlich.<br>&nbsp;<br>Die Darstellung der Schizophrenie in den verschiedenen Medien kann ein sehr falsches Bild der Krankheit zeichnen, was durch Stereotypisierung und Vorurteile weiter zur Stigmatisierung beitr\u00e4gt. Ein Patient beschreibt die Erfahrung, die er macht, wenn er in Literatur und Film Figuren sieht, die Wahnsinn verk\u00f6rpern (aus \u201eAlice im Wunderland\u201c und \u201eDer seltsame Fall des Dr. Jekyll und Mr. Hyde\u201c):<br><br>\u201eDie Charaktere des Hutmachers (die \u201everr\u00fcckte\u201c Figur aus \u201eAlice im Wunderland\u201c), von Mr. Hyde und anderen ber\u00fchmten Figuren, die von den Medien so dargestellt werden, dass sie komisch und l\u00e4cherlich wirken, verst\u00e4rken die Vorstellung von Wahnsinn als etwas, das f\u00fcr Erheiterung sorgt, oder als etwas faszinierend Gef\u00e4hrliches: Wie kann etwas, das Familien, Beziehungen und Freundschaften zerst\u00f6rt, als \u201ewitzig\u201c angesehen werden? Es ist nicht lustig, wenn man die Orientierung im Leben verliert. Es ist nicht witzig, wenn das eigene Gehirn einer Person solch \u00fcble Streiche spielt, dass sie in einen Angstzustand versetzt wird, der zum Selbstmord f\u00fchren kann. Ist das komisch? Vielleicht&#8230; f\u00fcr diejenigen, die die pers\u00f6nliche Erfahrung ignorieren. Versetzen Sie sich in die Lage des Betroffenen und denken Sie um. Dann k\u00f6nnen wir vielleicht damit beginnen, die Stigmatisierung der Menschen, denen eine solche Erkrankung neu diagnostiziert wurde, eingehender zu erkl\u00e4ren und zu \u00fcberwinden.\u201c<\/p><\/div><\/div>\n\n\n\n<div class=\"wp-block-rea-separator-rea-separator-block rea-separator-block front\"><div class=\"rea-separator-block__content\"><hr class=\"rea-separator-block__separator\"\/><\/div><\/div>\n\n\n\n<div class=\"wp-block-rea-title-rea-title-block rea-title-block front\"><div class=\"rea-title-block__content\"><h3 id=\"strongwas-wenn-der-patient-meine-mutter-wrestrong\" class=\"content-title \"><strong>\u201eWas, wenn der Patient meine Mutter w\u00e4re?\u201c<\/strong><\/h3><h4 class=\"content-subtitle rea-hidden\"><\/h4><\/div><\/div>\n\n\n\n<div class=\"wp-block-rea-paragraph-rea-paragraph-block rea-paragraph-block front\"><div class=\"rea-paragraph-block__content\"><p class=\"content-text\">Um die Sorgen und N\u00f6te anderer Menschen zu verstehen, ist Einf\u00fchlungsverm\u00f6gen erforderlich, das nur wenige von uns bei Menschen, die uns gleichg\u00fcltig sind, stark genug empfinden. Das gilt auch bei psychisch Kranken. Bei unseren nahen Verwandten neigen wir jedoch dazu, sensibler gegen\u00fcber ihren pers\u00f6nlichen Problemen zu reagieren und sogar unsere eigenen zur\u00fcckzustellen. Die Frage \u201eWas, wenn der Patient meine Mutter w\u00e4re?\u201c kann dazu beitragen, unser eigenes Einf\u00fchlungsverm\u00f6gen f\u00fcr die Leiden von Patienten mit Schizophrenie zu erh\u00f6hen.<br>&nbsp;<br>Das Verst\u00e4ndnis f\u00fcr schizophrene Patienten und damit die M\u00f6glichkeit einer Entstigmatisierung kann durch Aufkl\u00e4rung erreicht werden. Verst\u00e4ndnis kann der erste Schritt zu Akzeptanz und Toleranz sein \u2013 eine Haltung, die f\u00fcr die Entstigmatisierung dieser \u201eals verr\u00fcckt gebrandmarkten\u201c Menschen notwendig ist. Die allgemeine Bev\u00f6lkerung ist in der Regel nicht auf die Begegnung mit einem Patienten vorbereitet, der k\u00f6rperliche oder psychische Symptome aufweist. Es werden zwar Anstrengungen unternommen, um die \u00d6ffentlichkeit \u00fcber Erste-Hilfe-Ma\u00dfnahmen aufzukl\u00e4ren, die anderen Menschen bei einem Herzinfarkt, Schlaganfall, einer traumatischen Verletzung oder einer schweren allergischen Reaktion das Leben retten k\u00f6nnten. Dennoch k\u00f6nnen die Leute das Gelernte nur selten anwenden, und wenn, dann sind die Erfolgsaussichten sehr gering.&nbsp; Wie sieht es mit der Aufkl\u00e4rung der \u00d6ffentlichkeit \u00fcber psychische Erkrankungen aus?<br><\/p><\/div><\/div>\n\n\n\n<div class=\"wp-block-rea-separator-rea-separator-block rea-separator-block front\"><div class=\"rea-separator-block__content\"><hr class=\"rea-separator-block__separator\"\/><\/div><\/div>\n\n\n\n<div class=\"wp-block-rea-title-rea-title-block rea-title-block front\"><div class=\"rea-title-block__content\"><h3 id=\"strongstudien-zur-stigmatisierungstrong\" class=\"content-title \"><strong>Studien zur Stigmatisierung<\/strong><\/h3><h4 class=\"content-subtitle rea-hidden\"><\/h4><\/div><\/div>\n\n\n\n<div class=\"wp-block-rea-paragraph-rea-paragraph-block rea-paragraph-block front\"><div class=\"rea-paragraph-block__content\"><p class=\"content-text\">Eine Studie, die verschiedene andere Studien zum Thema Stigmatisierung zusammengefasst hat, ergab, dass der Kontakt zu Menschen mit psychischen Erkrankungen der beste Weg ist, um die eigenen Einstellungen und Verhaltensabsichten ihnen gegen\u00fcber zu verbessern.&nbsp;An zweiter Stelle steht die&nbsp;<strong>Bildung<\/strong>, wenn es darum geht, Erwachsenen zu helfen, ihre Haltung gegen\u00fcber Menschen mit psychischen Erkrankungen zu ver\u00e4ndern. Wie in einer der Studien festgestellt wurde, tr\u00e4gt bei Erwachsenen \u201edas Zusammentreffen mit Menschen, die an schweren psychischen Erkrankungen leiden, mehr dazu bei, die Stigmatisierung zu hinterfragen, als die p\u00e4dagogische Gegen\u00fcberstellung von Mythen und Fakten \u00fcber psychische Erkrankungen\u201c.<sup>5<\/sup>&nbsp;Noch wichtiger ist, dass der pers\u00f6nliche Kontakt mit einer betroffenen Person eine gr\u00f6\u00dfere Wirkung hatte, als das Anschauen einer durch ein Video erz\u00e4hlten Geschichte.&nbsp;&nbsp;Der pers\u00f6nliche Kontakt war besser f\u00fcr die Gesamtwirkung und die Ver\u00e4nderung der Einstellungen und Verhaltensabsichten. Bei Jugendlichen war jedoch die Aufkl\u00e4rung der wichtigste Weg, um Stigmata, Einstellungen und Verhaltensabsichten in Frage zu stellen, w\u00e4hrend der direkte Kontakt an zweiter Stelle stand. Der Unterschied zu Erwachsenen k\u00f6nnte darin bestehen, dass \u201edie \u00dcberzeugungen von Jugendlichen \u00fcber psychische Erkrankungen nicht so stark ausgepr\u00e4gt sind wie die von Erwachsenen, und Jugendliche daher eher f\u00fcr Aufkl\u00e4rung empf\u00e4nglich sind\u201c.<\/p><\/div><\/div>\n\n\n\n<div class=\"wp-block-rea-separator-rea-separator-block rea-separator-block front\"><div class=\"rea-separator-block__content\"><hr class=\"rea-separator-block__separator\"\/><\/div><\/div>\n\n\n\n<div class=\"wp-block-rea-title-rea-title-block rea-title-block front\"><div class=\"rea-title-block__content\"><h3 id=\"strongbildungstrong\" class=\"content-title \"><strong>Bildung<\/strong><\/h3><h4 class=\"content-subtitle rea-hidden\"><\/h4><\/div><\/div>\n\n\n\n<div class=\"wp-block-rea-paragraph-rea-paragraph-block rea-paragraph-block front\"><div class=\"rea-paragraph-block__content\"><p class=\"content-text\">Wie sollte die Allgemeinheit darin geschult werden, psychotische Symptome zu erkennen und angemessen auf sie zu reagieren? Wie sollen die Leute F\u00e4higkeiten f\u00fcr den Umgang mit psychisch kranken Menschen entwickeln? Solch ein pragmatisches und n\u00fctzliches Wissen ist wahrscheinlich nur in einem Forschungsumfeld zu erreichen. Au\u00dferhalb eines solchen Umfelds sind nicht betroffene Menschen nicht motiviert, Zeit f\u00fcr eine solche Schulung aufzubringen, obwohl sie im Alltag mit gr\u00f6\u00dferer Wahrscheinlichkeit Menschen mit psychischen St\u00f6rungen begegnen als solchen, die eine Herz-Lungen-Wiederbelebung ben\u00f6tigen.<br>&nbsp;<br>Bildungsma\u00dfnahmen zur Stigmatisierungsbek\u00e4mpfung sollten sachliche Informationen \u00fcber die stigmatisierte Erkrankung vermitteln, um falschen Stereotypen und Mythen entgegenzuwirken.&nbsp;So kann eine Bildungskampagne beispielsweise den Mythos widerlegen, dass psychisch Kranke gewaltt\u00e4tige M\u00f6rder sind, indem sie Statistiken vorlegt, die zeigen, dass psychisch Kranke \u00e4hnliche Mordraten aufweisen wie Menschen aus der Allgemeinbev\u00e4lkerung.&nbsp;Es ist hilfreich, solche Stereotypen und Mythen klar zu erl\u00e4utern, vor allem, wenn sie durch Statistiken untermauert werden k\u00f6nnen, damit sich die Menschen im Umgang mit Schizophreniepatienten sicher f\u00fchlen. Es gibt einige Belege daf\u00fcr, dass Kampagnen zur Aufkl\u00e4rung \u00fcber psychische Gesundheit, die in den Lehrplan aufgenommen werden, das Wissen, die Haltung und das Verhalten bei der Hilfesuche verbessern, aber \u201ees sind weitere Untersuchungen erforderlich, bevor die Entscheidung getroffen wird, die Kampagnen zur Aufkl\u00e4rung \u00fcber psychische Gesundheit auf nationaler Ebene auszuweiten\u201c.&nbsp;Die Evidenz zeigt auch, dass Kampagnen, die praktische Informationen \u00fcber Erste-Hilfe-Ma\u00dfnahmen bei psychischen Problemen umfassen (pers\u00f6nliche Schulungen, in denen die Teilnehmer lernen, wie sie auf sich entwickelnde psychische Probleme und Krisen reagieren k\u00f6nnen), wirksam zur Verringerung der Stigmatisierung beigetragen haben. Diese Aufkl\u00e4rungskampagnen haben sich auch zum Ziel gesetzt, Einzelpersonen und Familien zu ermutigen, die ben\u00f6tigten Hilfsdienste in Anspruch zu nehmen. Das ist ein sehr wichtiges Ziel, \u201eweil eine fr\u00fchzeitige Diagnose und Behandlung die Prognose verbessert, aber eine hochwertige, kulturell informierte Behandlung nicht auf breiter Front verf\u00fcgbar ist, vor allem nicht f\u00fcr ethnische Minderheiten\u201c.<br>&nbsp;<br>Es hat sich gezeigt, dass p\u00e4dagogische Ma\u00dfnahmen nicht nur die \u00f6ffentliche Stigmatisierung, sondern auch die Selbststigmatisierung verringern und gleichzeitig die Stressbew\u00e4ltigung verbessern und das Selbstwertgef\u00fchl st\u00e4rken, wenn sie im Rahmen einer kognitiven Verhaltenstherapie eingesetzt werden.&nbsp;Die Ma\u00dfnahmen zur Ver\u00e4nderung der \u00f6ffentlichen Stigmatisierung haben bisher unterschiedliche Ergebnisse gebracht. Kampagnen, die \u00fcber mehrere Jahre und \u00fcber verschiedene Plattformen laufen, zeigten eine h\u00f6here Wirksamkeit als kurze Antistigma- und Aufkl\u00e4rungskampagnen in den Medien, wenn es darum geht, eine signifikante und dauerhafte Ver\u00e4nderung zu erreichen.<br><\/p><\/div><\/div>\n\n\n\n<div class=\"wp-block-rea-separator-rea-separator-block rea-separator-block front\"><div class=\"rea-separator-block__content\"><hr class=\"rea-separator-block__separator\"\/><\/div><\/div>\n\n\n\n<div class=\"wp-block-rea-title-rea-title-block rea-title-block front\"><div class=\"rea-title-block__content\"><h3 id=\"strongstrongstrongstrongschlussfolgerungstrongstrongstrongstrong\" class=\"content-title \"><strong><strong><strong><strong>Schlussfolgerung<\/strong><\/strong><\/strong><\/strong><\/h3><h4 class=\"content-subtitle rea-hidden\"><\/h4><\/div><\/div>\n\n\n\n<div class=\"wp-block-rea-paragraph-rea-paragraph-block rea-paragraph-block front\"><div class=\"rea-paragraph-block__content\"><p class=\"content-text\">Stigmatisierung ist ein bedeutendes und belastendes Problem f\u00fcr Menschen, die mit psychischen Erkrankungen leben. Dem Stigma kann man am besten begegnen, indem man mit Personen, die mit dieser Krankheit leben, in Kontakt kommt und sich \u00fcber sie informiert. Sobald die \u00d6ffentlichkeit die Krankheit besser versteht und sieht, dass Menschen mit Schizophrenie sich nach der richtigen Behandlung sehr gut in die Gesellschaft integrieren k\u00f6nnen, werden die Klischees und Vorurteile weiter abnehmen.<br><br> <\/p><\/div><\/div>\n<div class=\"wp-block-rea-title-rea-title-block rea-title-block front rea-share-block\" style=\"margin-bottom:30px;text-align:center;\">\n\t\t<div class=\"\">\n\t\t\t<span style=\"display:block;margin-bottom:10px;font-size:20px;\">Share<\/span>\n\t\t\t<a href=\"https:\/\/www.facebook.com\/sharer\/sharer.php?u=https:\/\/www.schizophrenie-life.de\/public\/wp-json\/wp\/v2\/pages\/2913\" class=\"facebook-share\" target=\"_blank\"><\/a>\n\t\t\t<a href=\"https:\/\/www.linkedin.com\/shareArticle?mini=true&#038;url=https:\/\/www.schizophrenie-life.de\/public\/wp-json\/wp\/v2\/pages\/2913\" class=\"linkedin-share\" target=\"_blank\"><\/a>\n\t\t<\/div>\n\t<\/div>","protected":false},"excerpt":{"rendered":"<p>Share<\/p>\n","protected":false},"author":1,"featured_media":0,"parent":0,"menu_order":0,"comment_status":"closed","ping_status":"closed","template":"page-fullwidth.php","meta":{"rea_page_title_signed_in_meta_block_field":"Das Stigma der psychischen Krankheit","rea_page_title_signed_out_meta_block_field":"Das Stigma der psychischen Krankheit","rea_page_description_signed_in_meta_block_field":"","rea_page_description_signed_out_meta_block_field":"","rea_page_footer_id_meta_block_field":"","rea_page_footer_date_meta_block_field":""},"acf":[],"_links":{"self":[{"href":"https:\/\/www.schizophrenie-life.de\/public\/wp-json\/wp\/v2\/pages\/2913"}],"collection":[{"href":"https:\/\/www.schizophrenie-life.de\/public\/wp-json\/wp\/v2\/pages"}],"about":[{"href":"https:\/\/www.schizophrenie-life.de\/public\/wp-json\/wp\/v2\/types\/page"}],"author":[{"embeddable":true,"href":"https:\/\/www.schizophrenie-life.de\/public\/wp-json\/wp\/v2\/users\/1"}],"replies":[{"embeddable":true,"href":"https:\/\/www.schizophrenie-life.de\/public\/wp-json\/wp\/v2\/comments?post=2913"}],"version-history":[{"count":13,"href":"https:\/\/www.schizophrenie-life.de\/public\/wp-json\/wp\/v2\/pages\/2913\/revisions"}],"predecessor-version":[{"id":5048,"href":"https:\/\/www.schizophrenie-life.de\/public\/wp-json\/wp\/v2\/pages\/2913\/revisions\/5048"}],"wp:attachment":[{"href":"https:\/\/www.schizophrenie-life.de\/public\/wp-json\/wp\/v2\/media?parent=2913"}],"curies":[{"name":"wp","href":"https:\/\/api.w.org\/{rel}","templated":true}]}}