{"id":2257,"date":"2020-01-14T14:23:45","date_gmt":"2020-01-14T14:23:45","guid":{"rendered":"https:\/\/www.schizophrenie-life.de\/public\/?page_id=2257"},"modified":"2024-04-09T08:34:28","modified_gmt":"2024-04-09T07:34:28","slug":"myths-and-truths","status":"publish","type":"page","link":"https:\/\/www.schizophrenie-life.de\/public\/myths-and-truths\/","title":{"rendered":"<strong>Mythen vs. Wahrheiten<\/strong>"},"content":{"rendered":"\n<div class=\"wp-block-rea-inpage-nav-rea-inpage-nav-block rea-inpage-nav-block front has-margin\"><div class=\"rea-inpage-nav-block__image\" style=\"background-image: url(https:\/\/www.schizophrenie-life.de\/public\/wp-content\/uploads\/2019\/03\/wooden.png)\"><img decoding=\"async\" class=\"inpage-nav-background\" alt=\"\" src=\"https:\/\/www.schizophrenie-life.de\/public\/wp-content\/uploads\/2019\/03\/wooden.png\"\/><\/div><div class=\"rea-inpage-nav-block__content\"><div class=\"rea-inpage-nav-block__content--wrapper\"><div class=\"text-wrapper\"><h2 class=\"inpage-nav-title\"><strong>Mythen vs. Wahrheiten<\/strong><\/h2><ul class=\"inpage-nav-list\"><li>Vielleicht haben Sie bereits eine Vorstellung von Schizophrenie, aber k\u00f6nnen Sie Mythen und Wahrheiten unterschieden?<\/li><li>Erfahren Sie mehr \u00fcber g\u00e4ngige Mythen \u00fcber Schizophrenie und die Wahrheiten dahinter.<\/li><\/ul><\/div><div class=\"section-nav\"><h4 class=\"section-nav--title\">In this section<\/h4><div class=\"section-nav--nav-items js-inpage-nav-items\"><\/div><\/div><\/div><\/div><\/div>\n\n\n\n<div class=\"wp-block-rea-paragraph-rea-paragraph-block rea-paragraph-block front\"><div class=\"rea-paragraph-block__content\"><p class=\"content-text\"><\/p><\/div><\/div>\n\n\n\n<div class=\"wp-block-rea-title-rea-title-block rea-title-block front\"><div class=\"rea-title-block__content\"><h3 id=\"\" class=\"content-title rea-hidden\"><\/h3><h4 class=\"content-subtitle \"><strong>MYTHOS: Schizophrenie ist eine seltene Krankheit<\/strong><\/h4><\/div><\/div>\n\n\n\n<div class=\"wp-block-rea-paragraph-rea-paragraph-block rea-paragraph-block front\"><div class=\"rea-paragraph-block__content\"><p class=\"content-text\"><strong>WAHRHEIT:<\/strong> Schizophrenie betrifft etwa 1 von 100 Menschen im Laufe ihres Lebens und gilt keineswegs als selten. Sie beginnt in der Regel bei jungen Menschen im Alter zwischen 15 und 30 Jahren, aber sie kann jeden treffen. Die Wahrscheinlichkeit ist gro\u00df, dass Sie jemandem begegnen, der an Schizophrenie leidet, ohne es zu wissen.<\/p><\/div><\/div>\n\n\n\n<div class=\"wp-block-rea-cta-rea-cta-block rea-cta-block front\"><div class=\"rea-cta-block__content\"><h4 class=\"cta-title\"><\/h4><p class=\"cta-text\"><\/p><a class=\"button__primary button-text\" href=\"\/public\/understanding-schizophrenia\/brief-overview-of-schizophrenia\">Mehr \u00fcber Schizophrenie erfahren<\/a><\/div><\/div>\n\n\n\n<div class=\"wp-block-rea-title-rea-title-block rea-title-block front\"><div class=\"rea-title-block__content\"><h3 id=\"\" class=\"content-title rea-hidden\"><\/h3><h4 class=\"content-subtitle \"><strong>MYTHOS: Schizophrenie ist erblich<\/strong><\/h4><\/div><\/div>\n\n\n\n<div class=\"wp-block-rea-paragraph-rea-paragraph-block rea-paragraph-block front\"><div class=\"rea-paragraph-block__content\"><p class=\"content-text\"><strong>WAHRHEIT:<\/strong> Es gibt viele Studien \u00fcber die genetischen Ursachen von Schizophrenie. Generell sind sich die Wissenschaftler einig, dass die Gene nur ein Teil der Antwort sind. So zeigen zum Beispiel Zwillingsstudien, dass einige Gene das Risiko, an Schizophrenie zu erkranken, erh\u00f6hen.&nbsp; Insbesondere eineiige Zwillinge haben genau die gleichen Gene in ihrem K\u00f6rper, und Studien haben gezeigt, dass, wenn ein eineiiger Zwilling an Schizophrenie erkrankt ist, sein Zwilling eine 50-prozentige Wahrscheinlichkeit hat, ebenfalls an Schizophrenie zu erkranken. Es gibt jedoch viele Menschen, die mit Schizophrenie leben, ohne dass die Krankheit in ihrer Familie vorkommt, und umgekehrt. Andererseits haben Studien gezeigt, dass biologische Faktoren wie das Alter des Vaters und Umweltfaktoren wie z. B. belastende Lebensereignisse eine ebenso gro\u00dfe Rolle bei der Entwicklung von Schizophrenie spielen k\u00f6nnen wie die Gene.<\/p><\/div><\/div>\n\n\n\n<div class=\"wp-block-rea-cta-rea-cta-block rea-cta-block front\"><div class=\"rea-cta-block__content\"><h4 class=\"cta-title\"><\/h4><p class=\"cta-text\"><\/p><a class=\"button__primary button-text\" href=\"\/public\/understanding-schizophrenia\/brief-overview-of-schizophrenia\">Mehr erfahren \u00fcber die Ursachen von Schizophrenie<\/a><\/div><\/div>\n\n\n\n<div class=\"wp-block-rea-title-rea-title-block rea-title-block front\"><div class=\"rea-title-block__content\"><h3 id=\"\" class=\"content-title rea-hidden\"><\/h3><h4 class=\"content-subtitle \"><strong>MYTHOS: Menschen mit Schizophrenie leiden an den gleichen Symptomen<\/strong><\/h4><\/div><\/div>\n\n\n\n<div class=\"wp-block-rea-paragraph-rea-paragraph-block rea-paragraph-block front\"><div class=\"rea-paragraph-block__content\"><p class=\"content-text\"><strong>WAHRHEIT:<\/strong> Schizophrenie ist eine komplexe Erkrankung mit vielen verschiedenen Symptomen. Jede Person mit Schizophrenie macht individuell unterschiedliche Erfahrungen, und die Kombination der Symptome variiert. Au\u00dferdem kann sich das Muster der Schizophrenie im Laufe der Zeit ver\u00e4ndern. Das, was eine Person mit Schizophrenie zu einem bestimmten Zeitpunkt erlebt, kann v\u00f6llig anders sein als bei einer anderen Person, die zum Beispiel schon l\u00e4nger mit der Krankheit lebt. Denken Sie daran, dass nicht alle Menschen mit Schizophrenie die gleichen Symptome haben. Wenn Sie also glauben, dass Sie oder jemand, den Sie kennen, eine Kombination von Symptomen hat, die mit Schizophrenie in Verbindung stehen k\u00f6nnten, sollten Sie den Rat eines Arztes suchen.<\/p><\/div><\/div>\n\n\n\n<div class=\"wp-block-rea-cta-rea-cta-block rea-cta-block front\"><div class=\"rea-cta-block__content\"><h4 class=\"cta-title\"><\/h4><p class=\"cta-text\"><\/p><a class=\"button__primary button-text\" href=\"\/public\/understanding-schizophrenia\/main-symptoms\/\">Symptome von Schizophrenie<\/a><\/div><\/div>\n\n\n\n<div class=\"wp-block-rea-title-rea-title-block rea-title-block front\"><div class=\"rea-title-block__content\"><h3 id=\"\" class=\"content-title rea-hidden\"><\/h3><h4 class=\"content-subtitle \"><strong>MYTHOS: Schizophrenie ist dasselbe wie eine \u201egespaltene Pers\u00f6nlichkeit\u201c.<\/strong><\/h4><\/div><\/div>\n\n\n\n<div class=\"wp-block-rea-paragraph-rea-paragraph-block rea-paragraph-block front\"><div class=\"rea-paragraph-block__content\"><p class=\"content-text\"><strong>WAHRHEIT:<\/strong> W\u00f6rtlich \u00fcbersetzt bedeutet der aus dem Griechischen stammende Begriff Schizophrenie \u201egespaltener Geist\u201c, aber er wird nicht bestimmungsgem\u00e4\u00df verwendet, ungeachtet dessen, was Filme und Popkultur suggerieren m\u00f6gen. Eigentlich bezieht sich der Begriff auf das spezifische Symptom der Halluzinationen, bei denen Menschen mit Schizophrenie eine \u201eAbspaltung\u201c von der Realit\u00e4t erleben k\u00f6nnen. Tats\u00e4chlich haben Menschen mit \u201egespaltener Pers\u00f6nlichkeit\u201c eine v\u00f6llig andere Diagnose. Sie leiden an einer <em>dissoziativen Identit\u00e4tsst\u00f6rung<\/em>, die h\u00e4ufig mit Schizophrenie verwechselt wird. Informieren Sie sich \u00fcber die Unterschiede!<\/p><\/div><\/div>\n\n\n\n<div class=\"wp-block-rea-cta-rea-cta-block rea-cta-block front\"><div class=\"rea-cta-block__content\"><h4 class=\"cta-title\"><\/h4><p class=\"cta-text\"><\/p><a class=\"button__primary button-text\" href=\"\/public\/understanding-schizophrenia\/clinical-course-of-disease\">Klinischer Verlauf einer Schizophrenie<\/a><\/div><\/div>\n\n\n\n<div class=\"wp-block-rea-title-rea-title-block rea-title-block front\"><div class=\"rea-title-block__content\"><h3 id=\"\" class=\"content-title rea-hidden\"><\/h3><h4 class=\"content-subtitle \"><strong>MYTHOS: Menschen mit Schizophrenie haben h\u00e4ufig Halluzinationen, wie in Filmen gezeigt wird.<\/strong><\/h4><\/div><\/div>\n\n\n\n<div class=\"wp-block-rea-paragraph-rea-paragraph-block rea-paragraph-block front\"><div class=\"rea-paragraph-block__content\"><p class=\"content-text\"><strong>WAHRHEIT:&nbsp;<\/strong>In Filmen wird immer verr\u00fccktes Verhalten gezeigt, das besonders dramatisch wirkt und Aufmerksamkeit erregt.&nbsp; Aber dabei handelt es sich nur um ein Klischee. Halluzinationen werden als Positivsymptome von Schizophrenie betrachtet; Menschen mit Schizophrenie haben jedoch auch Negativsymptome, die sich auf den Verlust bestimmter F\u00e4higkeiten zur Alltagsbew\u00e4ltigung beziehen. Negativsymptome sind weitaus h\u00e4ufiger, aber viel weniger dramatisch, als bestimmte von den Medien verbreitete Stereotypen vermuten lassen. Einer Studie zufolge hatten fast 70 % der schizophrenen Personen in 41 Filmen, die zwischen 1990 und 2010 ver\u00f6ffentlicht wurden, bizarre Wahnvorstellungen. Damit wird die Symptomverteilung falsch dargestellt und ein Klischee erzeugt, das Fehlinformationen und eine negative Einstellung gegen\u00fcber Schizophrenie sch\u00fcrt. Informieren Sie sich gut, um nicht in diese Fallen zu tappen!<\/p><\/div><\/div>\n\n\n\n<div class=\"wp-block-rea-cta-rea-cta-block rea-cta-block front\"><div class=\"rea-cta-block__content\"><h4 class=\"cta-title\"><\/h4><p class=\"cta-text\"><\/p><a class=\"button__primary button-text\" href=\"\/public\/understanding-schizophrenia\/main-symptoms\">Symptome von Schizophrenie<\/a><\/div><\/div>\n\n\n\n<div class=\"wp-block-rea-title-rea-title-block rea-title-block front\"><div class=\"rea-title-block__content\"><h3 id=\"\" class=\"content-title rea-hidden\"><\/h3><h4 class=\"content-subtitle \"><strong>MYTHOS: Menschen mit Schizophrenie k\u00f6nnen gef\u00e4hrlich sein und sollten eingewiesen werden<\/strong><\/h4><\/div><\/div>\n\n\n\n<div class=\"wp-block-rea-paragraph-rea-paragraph-block rea-paragraph-block front\"><div class=\"rea-paragraph-block__content\"><p class=\"content-text\"><strong>WAHRHEIT:&nbsp;<\/strong>Es mag zwar stimmen, dass einige Menschen mit Schizophrenie ein gewaltt\u00e4tiges Verhalten an den Tag legen k\u00f6nnen, aber diese Gewaltt\u00e4tigkeit tritt \u00fcberwiegend bei Menschen auf, die bestimmte Substanzen konsumieren. Gewaltt\u00e4tige Verhaltensweisen und andere Symptome von Schizophrenie lassen sich jedoch in der Regel mit der richtigen Behandlung und unterst\u00fctzenden Netzwerken f\u00fcr die Patienten gut in den Griff bekommen. Das bedeutet, dass in der Regel keine Einweisung erforderlich ist und Menschen mit Schizophrenie sich oft nahtlos in die Gesellschaft integrieren k\u00f6nnen.<\/p><\/div><\/div>\n\n\n\n<div class=\"wp-block-rea-cta-rea-cta-block rea-cta-block front\"><div class=\"rea-cta-block__content\"><h4 class=\"cta-title\"><\/h4><p class=\"cta-text\"><\/p><a class=\"button__primary button-text\" href=\"\/public\/diagnosis-and-treatment\/diagnosis\">Diagnose von Schizophrenie<\/a><\/div><\/div>\n\n\n\n<div class=\"wp-block-rea-title-rea-title-block rea-title-block front\"><div class=\"rea-title-block__content\"><h3 id=\"\" class=\"content-title rea-hidden\"><\/h3><h4 class=\"content-subtitle \"><strong>MYTHOS: Medikamente gegen Schizophrenie wirken nicht gut<\/strong><\/h4><\/div><\/div>\n\n\n\n<div class=\"wp-block-rea-paragraph-rea-paragraph-block rea-paragraph-block front\"><div class=\"rea-paragraph-block__content\"><p class=\"content-text\"><strong>WAHRHEIT:&nbsp;<\/strong>Die meisten Menschen mit Schizophrenie nehmen Antipsychotika ein, um ihre Symptome zu lindern, und erhalten daneben eine psychologische Behandlung oder Gespr\u00e4chstherapie. Diese Kombination ist wirksamer als Medikamente allein, aber die Stetigkeit der Arzneimitteltherapie ist ebenso wichtig. Obwohl Schizophrenie als chronische psychische Erkrankung mit sehr unterschiedlichen Symptomen betrachtet wird, kann eine angemessene fr\u00fchzeitige medizinische Unterst\u00fctzung und Betreuung den meisten Menschen mit Schizophrenie zu einem langen, stabilen und erf\u00fcllten Leben verhelfen.<\/p><\/div><\/div>\n\n\n\n<div class=\"wp-block-rea-cta-rea-cta-block rea-cta-block front\"><div class=\"rea-cta-block__content\"><h4 class=\"cta-title\"><\/h4><p class=\"cta-text\"><\/p><a class=\"button__primary button-text\" href=\"\/public\/advice-and-support\/how-to-help\">Wie kann ich helfen?<\/a><\/div><\/div>\n<div class=\"wp-block-rea-title-rea-title-block rea-title-block front rea-share-block\" style=\"margin-bottom:30px;text-align:center;\">\n\t\t<div class=\"\">\n\t\t\t<span style=\"display:block;margin-bottom:10px;font-size:20px;\">Share<\/span>\n\t\t\t<a href=\"https:\/\/www.facebook.com\/sharer\/sharer.php?u=https:\/\/www.schizophrenie-life.de\/public\/wp-json\/wp\/v2\/pages\/2257\" class=\"facebook-share\" target=\"_blank\"><\/a>\n\t\t\t<a href=\"https:\/\/www.linkedin.com\/shareArticle?mini=true&#038;url=https:\/\/www.schizophrenie-life.de\/public\/wp-json\/wp\/v2\/pages\/2257\" class=\"linkedin-share\" target=\"_blank\"><\/a>\n\t\t<\/div>\n\t<\/div>","protected":false},"excerpt":{"rendered":"<p>Share<\/p>\n","protected":false},"author":1,"featured_media":2379,"parent":0,"menu_order":0,"comment_status":"closed","ping_status":"closed","template":"page-fullwidth.php","meta":{"rea_page_title_signed_in_meta_block_field":"Mythen vs. Wahrheiten","rea_page_title_signed_out_meta_block_field":"Mythen vs. Wahrheiten","rea_page_description_signed_in_meta_block_field":"Du k\u00f6nntest bereits einige Vorurteile \u00fcber Schizophrenie haben, aber wei\u00dft du, was Mythen sind und was Wahrheiten? Erforsche g\u00e4ngige Mythen \u00fcber Schizophrenie und die Wahrheiten dahinter.","rea_page_description_signed_out_meta_block_field":"Du k\u00f6nntest bereits einige Vorurteile \u00fcber Schizophrenie haben, aber wei\u00dft du, was Mythen sind und was Wahrheiten? Erforsche g\u00e4ngige Mythen \u00fcber Schizophrenie und die Wahrheiten dahinter.","rea_page_footer_id_meta_block_field":"","rea_page_footer_date_meta_block_field":""},"acf":[],"_links":{"self":[{"href":"https:\/\/www.schizophrenie-life.de\/public\/wp-json\/wp\/v2\/pages\/2257"}],"collection":[{"href":"https:\/\/www.schizophrenie-life.de\/public\/wp-json\/wp\/v2\/pages"}],"about":[{"href":"https:\/\/www.schizophrenie-life.de\/public\/wp-json\/wp\/v2\/types\/page"}],"author":[{"embeddable":true,"href":"https:\/\/www.schizophrenie-life.de\/public\/wp-json\/wp\/v2\/users\/1"}],"replies":[{"embeddable":true,"href":"https:\/\/www.schizophrenie-life.de\/public\/wp-json\/wp\/v2\/comments?post=2257"}],"version-history":[{"count":27,"href":"https:\/\/www.schizophrenie-life.de\/public\/wp-json\/wp\/v2\/pages\/2257\/revisions"}],"predecessor-version":[{"id":5046,"href":"https:\/\/www.schizophrenie-life.de\/public\/wp-json\/wp\/v2\/pages\/2257\/revisions\/5046"}],"wp:featuredmedia":[{"embeddable":true,"href":"https:\/\/www.schizophrenie-life.de\/public\/wp-json\/wp\/v2\/media\/2379"}],"wp:attachment":[{"href":"https:\/\/www.schizophrenie-life.de\/public\/wp-json\/wp\/v2\/media?parent=2257"}],"curies":[{"name":"wp","href":"https:\/\/api.w.org\/{rel}","templated":true}]}}